{"id":11,"date":"2024-11-30T02:56:37","date_gmt":"2024-11-30T02:56:37","guid":{"rendered":"https:\/\/avisosdeprivacidad.com.mx\/?page_id=11"},"modified":"2024-11-30T05:27:45","modified_gmt":"2024-11-30T05:27:45","slug":"contacto","status":"publish","type":"page","link":"https:\/\/avisosdeprivacidad.com.mx\/index.php\/contacto\/","title":{"rendered":"Cont\u00e1ctanos"},"content":{"rendered":"\n<hr class=\"wp-block-separator has-alpha-channel-opacity\"\/>\n\n\n\n<h1 class=\"wp-block-heading\"><\/h1>\n\n\n\n<p>\u00bfTienes preguntas sobre c\u00f3mo cumplir con la <strong>Ley Federal de Protecci\u00f3n de Datos Personales en Posesi\u00f3n de los Particulares (LFPDPPP)<\/strong>?<br>\u00bfNecesitas ayuda para crear o actualizar tus avisos de privacidad?<\/p>\n\n\n\n<p>En <strong><strong><strong>avisos de privacidad MX<\/strong><\/strong><\/strong>, estamos aqu\u00ed para ayudarte en cada paso del proceso.<\/p>\n\n\n\n<hr class=\"wp-block-separator has-alpha-channel-opacity\"\/>\n\n\n\n<h2 class=\"wp-block-heading\"><strong><strong> Cont\u00e1ctanos directamente:<\/strong><\/strong><\/h2>\n\n\n\n<p>Uno de nuestros expertos se pondr\u00e1 en contacto contigo lo antes posible. <\/p>\n\n\n\n<p><p><a style=\"display:inline-block; padding:10px 20px; background-color:#007BFF; color:white; text-decoration:none; border-radius:5px; font-family:Arial, sans-serif;\" href=\"mailto:quiero@avisosdeprivacidad.com?subject=Solicitud%20de%20informaci\u00f3n&amp;body=Hola,%20me%20gustar\u00eda%20saber%20m\u00e1s%20sobre%20sus%20servicios.\">Enviar un correo<br><\/a><br><\/p><a style=\"display:inline-block; padding:10px 20px; background-color:#25D366; color:white; text-decoration:none; border-radius:5px; font-family:Arial, sans-serif;\" href=\"https:\/\/wa.me\/523311439960\" target=\"_blank\">Cont\u00e1ctanos por WhatsApp<\/a><\/p>\n\n\n\n<hr class=\"wp-block-separator has-alpha-channel-opacity\"\/>\n\n\n\n<h3 class=\"wp-block-heading\"><strong>\u00bfPor qu\u00e9 elegirnos?<\/strong><\/h3>\n\n\n\n<ul class=\"wp-block-list\">\n<li>Respuesta r\u00e1pida y personalizada.<\/li>\n\n\n\n<li>Soluciones pr\u00e1cticas y adaptadas a tus necesidades.<\/li>\n\n\n\n<li>Compromiso con la privacidad y la seguridad de tus datos.<\/li>\n<\/ul>\n\n\n\n<hr class=\"wp-block-separator has-alpha-channel-opacity\"\/>\n\n\n\n<p><strong>\u00a1Estamos listos para ayudarte!<\/strong><br>No importa si tienes una peque\u00f1a empresa, manejas datos personales en un sistema de CCTV o necesitas asesor\u00eda sobre plataformas digitales, aqu\u00ed encontrar\u00e1s todo lo que necesitas para cumplir con la ley y proteger la confianza de tus clientes.<\/p>\n\n\n\n<p><strong>Cont\u00e1ctanos hoy y da el primer paso hacia el cumplimiento legal!<\/strong><\/p>\n\n\n\n<p>[<strong>\u00a1Hablemos ahora!<\/strong>]<\/p>\n","protected":false},"excerpt":{"rendered":"<p>\u00bfTienes preguntas sobre c\u00f3mo cumplir con la Ley Federal de Protecci\u00f3n de Datos Personales en Posesi\u00f3n de los Particulares (LFPDPPP)?\u00bfNecesitas ayuda para crear o actualizar tus avisos de privacidad? En avisos de privacidad MX, estamos aqu\u00ed para ayudarte en cada paso del proceso. Cont\u00e1ctanos directamente: Uno de nuestros expertos se pondr\u00e1 en contacto contigo lo &hellip; <\/p>\n<p class=\"link-more\"><a href=\"https:\/\/avisosdeprivacidad.com.mx\/index.php\/contacto\/\" class=\"more-link\">Continuar leyendo<span class=\"screen-reader-text\"> \u00abCont\u00e1ctanos\u00bb<\/span><\/a><\/p>\n","protected":false},"author":1,"featured_media":16,"parent":0,"menu_order":0,"comment_status":"closed","ping_status":"closed","template":"","meta":{"footnotes":""},"class_list":["post-11","page","type-page","status-publish","has-post-thumbnail","hentry"],"_links":{"self":[{"href":"https:\/\/avisosdeprivacidad.com.mx\/index.php\/wp-json\/wp\/v2\/pages\/11","targetHints":{"allow":["GET"]}}],"collection":[{"href":"https:\/\/avisosdeprivacidad.com.mx\/index.php\/wp-json\/wp\/v2\/pages"}],"about":[{"href":"https:\/\/avisosdeprivacidad.com.mx\/index.php\/wp-json\/wp\/v2\/types\/page"}],"author":[{"embeddable":true,"href":"https:\/\/avisosdeprivacidad.com.mx\/index.php\/wp-json\/wp\/v2\/users\/1"}],"replies":[{"embeddable":true,"href":"https:\/\/avisosdeprivacidad.com.mx\/index.php\/wp-json\/wp\/v2\/comments?post=11"}],"version-history":[{"count":8,"href":"https:\/\/avisosdeprivacidad.com.mx\/index.php\/wp-json\/wp\/v2\/pages\/11\/revisions"}],"predecessor-version":[{"id":64,"href":"https:\/\/avisosdeprivacidad.com.mx\/index.php\/wp-json\/wp\/v2\/pages\/11\/revisions\/64"}],"wp:featuredmedia":[{"embeddable":true,"href":"https:\/\/avisosdeprivacidad.com.mx\/index.php\/wp-json\/wp\/v2\/media\/16"}],"wp:attachment":[{"href":"https:\/\/avisosdeprivacidad.com.mx\/index.php\/wp-json\/wp\/v2\/media?parent=11"}],"curies":[{"name":"wp","href":"https:\/\/api.w.org\/{rel}","templated":true}]}}