{"id":9,"date":"2024-11-30T02:56:37","date_gmt":"2024-11-30T02:56:37","guid":{"rendered":"https:\/\/avisosdeprivacidad.com.mx\/?page_id=9"},"modified":"2024-11-30T05:14:11","modified_gmt":"2024-11-30T05:14:11","slug":"inicio","status":"publish","type":"page","link":"https:\/\/avisosdeprivacidad.com.mx\/","title":{"rendered":"Inicio"},"content":{"rendered":"\n<h1 class=\"wp-block-heading\"><strong>Cumple con la Ley de Protecci\u00f3n de Datos Personales, F\u00e1cil y R\u00e1pido<\/strong><\/h1>\n\n\n\n<p>En un mundo donde la privacidad es cada vez m\u00e1s importante, cumplir con la <strong>Ley Federal de Protecci\u00f3n de Datos Personales en Posesi\u00f3n de los Particulares (LFPDPPP)<\/strong> no tiene por qu\u00e9 ser complicado.<\/p>\n\n\n\n<p>En <strong><strong><strong><strong><strong>avisos de privacidad MX<\/strong><\/strong><\/strong><\/strong><\/strong>, nos especializamos en ayudarte a proteger los datos personales que manejas, mientras fortaleces la confianza de tus clientes, empleados y socios. Desde la generaci\u00f3n de avisos de privacidad hasta asesor\u00eda personalizada, estamos aqu\u00ed para simplificar el cumplimiento legal.<\/p>\n\n\n\n<hr class=\"wp-block-separator has-alpha-channel-opacity\"\/>\n\n\n\n<h2 class=\"wp-block-heading\"><strong>\u00bfQu\u00e9 hacemos por ti?<\/strong><\/h2>\n\n\n\n<h3 class=\"wp-block-heading\">\ud83d\udcc4 <strong>Creaci\u00f3n de Avisos de Privacidad Personalizados<\/strong><\/h3>\n\n\n\n<p>Dise\u00f1amos avisos adaptados a las necesidades de tu negocio o actividad, cumpliendo con los requisitos legales de forma clara y sencilla.<\/p>\n\n\n\n<h3 class=\"wp-block-heading\">\ud83d\udee0\ufe0f <strong>Asesor\u00eda Pr\u00e1ctica y Soluciones Digitales<\/strong><\/h3>\n\n\n\n<p>Te guiamos paso a paso para implementar avisos de privacidad visibles y efectivos, ya sea en sistemas de CCTV, sitios web, contratos o cualquier \u00e1rea donde recolectes datos personales.<\/p>\n\n\n\n<h3 class=\"wp-block-heading\">\ud83d\udcda <strong>Capacitaci\u00f3n y Recursos<\/strong><\/h3>\n\n\n\n<p>Proporcionamos herramientas, capacitaciones y gu\u00edas para que t\u00fa y tu equipo puedan gestionar datos personales de manera responsable.<\/p>\n\n\n\n<hr class=\"wp-block-separator has-alpha-channel-opacity\"\/>\n\n\n\n<h2 class=\"wp-block-heading\"><strong>\u00bfPor qu\u00e9 es importante cumplir?<\/strong><\/h2>\n\n\n\n<p>El incumplimiento de la LFPDPPP puede generar:<\/p>\n\n\n\n<ul class=\"wp-block-list\">\n<li>Multas y sanciones legales.<\/li>\n\n\n\n<li>P\u00e9rdida de confianza de tus clientes y socios.<\/li>\n\n\n\n<li>Riesgos reputacionales.<\/li>\n<\/ul>\n\n\n\n<p><strong>Cumplir no solo te protege legalmente, sino que tambi\u00e9n demuestra tu compromiso con la privacidad y el respeto hacia las personas.<\/strong><\/p>\n\n\n\n<hr class=\"wp-block-separator has-alpha-channel-opacity\"\/>\n\n\n\n<h2 class=\"wp-block-heading\"><\/h2>\n","protected":false},"excerpt":{"rendered":"<p>Cumple con la Ley de Protecci\u00f3n de Datos Personales, F\u00e1cil y R\u00e1pido En un mundo donde la privacidad es cada vez m\u00e1s importante, cumplir con la Ley Federal de Protecci\u00f3n de Datos Personales en Posesi\u00f3n de los Particulares (LFPDPPP) no tiene por qu\u00e9 ser complicado. En avisos de privacidad MX, nos especializamos en ayudarte a &hellip; <\/p>\n<p class=\"link-more\"><a href=\"https:\/\/avisosdeprivacidad.com.mx\/\" class=\"more-link\">Continuar leyendo<span class=\"screen-reader-text\"> \u00abInicio\u00bb<\/span><\/a><\/p>\n","protected":false},"author":1,"featured_media":17,"parent":0,"menu_order":0,"comment_status":"closed","ping_status":"closed","template":"","meta":{"footnotes":""},"class_list":["post-9","page","type-page","status-publish","has-post-thumbnail","hentry"],"_links":{"self":[{"href":"https:\/\/avisosdeprivacidad.com.mx\/index.php\/wp-json\/wp\/v2\/pages\/9","targetHints":{"allow":["GET"]}}],"collection":[{"href":"https:\/\/avisosdeprivacidad.com.mx\/index.php\/wp-json\/wp\/v2\/pages"}],"about":[{"href":"https:\/\/avisosdeprivacidad.com.mx\/index.php\/wp-json\/wp\/v2\/types\/page"}],"author":[{"embeddable":true,"href":"https:\/\/avisosdeprivacidad.com.mx\/index.php\/wp-json\/wp\/v2\/users\/1"}],"replies":[{"embeddable":true,"href":"https:\/\/avisosdeprivacidad.com.mx\/index.php\/wp-json\/wp\/v2\/comments?post=9"}],"version-history":[{"count":4,"href":"https:\/\/avisosdeprivacidad.com.mx\/index.php\/wp-json\/wp\/v2\/pages\/9\/revisions"}],"predecessor-version":[{"id":58,"href":"https:\/\/avisosdeprivacidad.com.mx\/index.php\/wp-json\/wp\/v2\/pages\/9\/revisions\/58"}],"wp:featuredmedia":[{"embeddable":true,"href":"https:\/\/avisosdeprivacidad.com.mx\/index.php\/wp-json\/wp\/v2\/media\/17"}],"wp:attachment":[{"href":"https:\/\/avisosdeprivacidad.com.mx\/index.php\/wp-json\/wp\/v2\/media?parent=9"}],"curies":[{"name":"wp","href":"https:\/\/api.w.org\/{rel}","templated":true}]}}